e hundreds digit of y?
1
Suppose -4*z = -3*l + 229 + 303, z = l - 177. What is the units digit of l?
6
Let j(z) = -2*z**3 - 11*z**2 + 3*z - 7. What is the units digit of j(-9)?
3
Let h(g) = -g**3 - 13*g**2 - 22*g + 41. What is the units digit of h(-14)?
5
Let v(d) = d**3 - 22*d**2 - 14*d - 15. What is the tens digit of v(23)?
9
Suppose -1 = -u - v, 7*u - 3 = 4*u - 4*v. Let g(r) = -u + r - 7 - 4 + r**2 + 3*r. What is the tens digit of g(-9)?
3
Let n be (2/(-3)*1)/(16/(-360)). Let v = n + 2. What is the tens digit of v?
1
Let u(k) = 2*k**2 + 22*k + 37. Let c = 132 + -150. What is the units digit of u(c)?
9
Suppose 5*b - 3*k - 467 = 0, -3*b + 107 = -2*b - 4*k. Let a = b + -59. What is the tens digit of a?
3
Let k(i) = -i**3 + 9. Let x be k(0). Let v(t) = t**2 - 9*t - 2. Let w be v(x). What is the tens digit of -2 + (-100)/(-2) + w?
4
Suppose 5*w + 4283 - 13123 = 0. What is the units digit of w?
8
Suppose -4*k + 3*s - 4819 = 0, 3344 = -5*k + 2*s - 2678. What is the units digit of (-1)/5 - k/20?
0
Suppose c = -2*c - 3*j + 84, 0 = 2*c + j - 56. What is the units digit of c?
8
Let c(l) be the second derivative of l**4/12 - l**3/2 - 10*l**2 + 4*l. What is the tens digit of c(-9)?
8
What is the units digit of ((-794)/5)/((-264)/(-40) - 7)?
7
Let h(z) = 6*z**3 + 223*z**2 + 24*z + 18. What is the hundreds digit of h(-37)?
4
Suppose 3*a + 9 = 5*q, 3*a + 2*a = -4*q - 15. Let c(y) = y**2 + 116. What is the units digit of c(q)?
6
Let k = 30 - 43. Let f = 17 + k. What is the tens digit of 220/30*6/f?
1
Let m be 0/15 - (-1 + -2). Suppose -2*x = -3*x + m*r + 97, 332 = 4*x + 2*r. What is the tens digit of x?
8
Suppose 0 = -i + 2*o + 2228, -i - 40*o + 2222 = -45*o. What is the hundreds digit of i?
2
Let l = -4089 + 5837. What is the units digit of l?
8
Suppose 5*w + 1315 = 5*q, -3*q + w + 783 = 4*w. What is the hundreds digit of q?
2
Suppose -64*w = -61*w - 7728. What is the tens digit of w?
7
Let q = 6 - 6. Suppose q = -3*h + g + 182, -5*g + 18 = -2. Suppose -10*m + h = -8*m. What is the tens digit of m?
3
What is the hundreds digit of (-2)/9 - 186054/(-594)?
3
Let j be (59/2)/(10/20). Let w = 5 + j. What is the tens digit of w?
6
Suppose 0*n = -4*n + 28. Let i = n + -2. Let r(x) = x**3 - 6*x**2 + 7*x - 1. What is the units digit of r(i)?
9
Suppose 8*n - 40 = 0, -106*k + 3210 = -101*k + 4*n. What is the tens digit of k?
3
Suppose a = 2*f - 4 - 5, -2*f + 4*a = 0. Let n = f - -61. What is the units digit of n?
7
Suppose 2460 = 6*z - 0*z. What is the units digit of z?
0
Let g(k) = 2 - 5 - 2*k - 5. Let y be g(-6). Let p(w) = 2*w**2 - 3*w - 3. What is the units digit of p(y)?
7
Suppose 0 = 2*b + 4*d - 550, 5*b + 4*d - 200 = 1163. What is the units digit of b?
1
Let t be 4 + -2*119/(-2). Suppose s - 59 = -g, 2*s - 6*g - t = -3*g. What is the units digit of s?
0
What is the thousands digit of ((-207)/(-18) - 12)*-8336?
4
Let u = 1204 - 773. What is the tens digit of u?
3
Let w = 35 - 20. Suppose -4*c = s - 5, 2*c - 7*c + 13 = -s. Suppose -15 = -4*a + c*o + w, 4*a - o - 33 = 0. What is the units digit of a?
9
Suppose -15*a + 1535 = -13*a - 3*r, 0 = 3*a - 4*r - 2301. What is the tens digit of a?
6
Let x be (27/(-18))/(1/10). Let k be 20/6*54/x. What is the tens digit of 2/(8/k)*-15?
4
Let k(l) = -1572*l**3 + 4*l**2 - l - 4. What is the units digit of k(-1)?
3
Let l(j) = j**3 - 5*j**2 + 14*j + 3. Let a be l(6). Suppose -a = -2*h + 35. What is the tens digit of h?
7
Let m(c) = -3*c - 3. Let j be m(-2). Suppose -2*y - 6 = 0, 2*x + y + j = x. Suppose x = -11*i + 7*i + 108. What is the tens digit of i?
2
Let t(z) be the second derivative of z**4/12 - z**3/3 + 91*z**2/2 - 24*z. What is the tens digit of t(0)?
9
Let o(m) = -1207*m - 79. What is the hundreds digit of o(-1)?
1
Suppose 0 = 3*g - 22*f + 25*f - 654, -4*g - f + 881 = 0. What is the tens digit of g?
2
Let u(g) = 2*g**2 - 8*g + 61. What is the tens digit of u(8)?
2
Let a(g) = -g + 0*g**2 + 4*g**2 + 3*g + 26 - 3*g**2. What is the units digit of a(-9)?
9
Suppose 0 = m - 2, -17*s - 3*m - 9324 = -22*s. What is the hundreds digit of s?
8
Suppose -5*s + 0*w = 5*w - 40, 4*w = 4*s. Let r be (-9)/3 - (-120)/8. Suppose -s*b = -r, -2*q + 4*q - b - 35 = 0. What is the tens digit of q?
1
What is the hundreds digit of 276/((-9)/((-54)/4))?
4
Let b(z) be the second derivative of z**4/6 - 7*z**3/3 - 5*z**2/2 + 10*z. What is the tens digit of b(10)?
5
Let s(n) = n + 1. Let g be s(-1). Suppose -5*f - q + 596 = g, -5*f + 64 + 535 = 4*q. What is the tens digit of f?
1
Let y(a) = -13*a - 5. Let h be y(-5). Suppose -2*o + h = v + 3*o, -5*v = o - 276. What is the tens digit of v?
5
What is the tens digit of 5*(3 + -7)*-50?
0
Suppose -3*d + d + 6 = 0. Let l be -2*d/(-6)*7. What is the units digit of (-3)/l + (-2223)/(-91)?
4
Let g(i) = 19*i + 165. What is the tens digit of g(6)?
7
Suppose -k + 23 = 5*o, -5*k = -0*o - 4*o + 30. Suppose -x = o*u + 5, 0*x + 3*u = x + 21. Let t(a) = -a**2 - 17*a + 10. What is the tens digit of t(x)?
4
Suppose 51*f - 5 = 50*f. Suppose f*y - 5*s - 85 = 0, -y - 5 + 37 = 2*s. What is the units digit of y?
2
Let s(c) = -2*c**2 + 18*c - 16. Let n be s(7). Let g(z) = 2*z + 25. What is the units digit of g(n)?
9
Suppose 40813 = 39*r - 50993. What is the units digit of r?
4
Let q be -1 - (-1 - 0 - 3). Let w(a) = -2*a**3 - a**3 + a**q + 3*a**3 + 4*a**2 - 3 - 7*a. What is the units digit of w(-5)?
7
Suppose 2*p - h = 4*p - 11, 5*h - 22 = p. Suppose 20 = -p*j - 16. Let z = j - -20. What is the units digit of z?
8
Let h(q) = 41*q + 2. Let p be h(2). Let a(t) = -t**3 + 20*t**2 + 42*t + 91. Let u be a(22). Let w = p - u. What is the tens digit of w?
3
Let d(i) = 5*i**3 - 8*i**2 - 2*i - 2. Let u be d(6). Suppose 242 = 4*m - u. Suppose -16*f + 11*f + m = 0. What is the units digit of f?
1
Let f(s) = s**3 + 3*s**2 - s - 2. Let i(y) = -y**3 + 14*y**2 + 16*y - 13. Let v be i(15). What is the units digit of f(v)?
6
Let a be (0 + -2)/((-11)/(-220)). Let k = 61 + a. What is the tens digit of k?
2
Suppose -3*r = 69 - 819. Suppose 0 = m - 4, -r = -2*u - 0*m - 4*m. What is the units digit of u?
7
Let p be ((-199)/2)/(2/(-4)). Suppose 5*u = p - 29. Let y = u + -19. What is the tens digit of y?
1
Let w(l) be the third derivative of -l**5/60 - 3*l**4/4 - 8*l**3/3 + l**2. Let t = -1409 + 1393. What is the units digit of w(t)?
6
Let m = -190 - -673. What is the tens digit of m?
8
Let y(m) = 11*m**2 + m - 4. Let i be y(-4). Suppose 6*o = 37 - 13. Suppose -4*q - o*x = -i, -11 = -4*q + 4*x + 189. What is the tens digit of q?
4
What is the tens digit of 1*7 - (-1075 + 34)?
4
Let y be (15/(-20))/((-2)/(-8)). What is the hundreds digit of 267 + -1 + 11 + y + -4?
2
Let k(x) be the second derivative of 3*x**4 - 5*x**3/6 + x**2/2 - 7*x. What is the units digit of k(1)?
2
Suppose -5*y + 2*d + 5982 + 2173 = 0, 2*d - 6524 = -4*y. What is the hundreds digit of y?
6
What is the units digit of (-22)/(-2)*12/(-84)*-1477?
1
What is the thousands digit of ((-59)/177)/((-2)/10434)?
1
Suppose 7*x - 56 = 3*x. Let f = -8 + x. Suppose f - 5 = w. What is the units digit of w?
1
Suppose 5*y = -w - 146, 4*w - 46 = 3*y - 699. Let b = w + 107. Let i = b - -86. What is the tens digit of i?
3
Suppose 0 = 5*v + 3*w - w - 41, -3*w + 16 = v. Let t(y) = -y - 1. Let i(c) = 2*c - 14. Let g(r) = i(r) - 6*t(r). What is the units digit of g(v)?
8
Let l(g) = g**3 + 6*g**2 - 14*g - 16. What is the units digit of l(-7)?
3
Let t(k) = -k**2 + 8*k + 2. Let q be t(8). Suppose 0 = 5*b + 3*p - 19, q*p - 12 = -3*b - 0*p. What is the tens digit of 1 + (51 - (-2 - b))?
5
Let l = 212 + 282. Suppose -2*n + l = 2*x + 3*x, 5*n = x - 115. What is the hundreds digit of x?
1
Suppose -4*i - t - 65 + 0 = 0, 0 = t + 1. Let c be -70*(-21)/(-28)*(-2)/3. Let g = c + i. What is the units digit of g?
9
Let b = -1256 + 2415. What is the units digit of b?
9
Let n = -2588 + 4258. What is the tens digit of n?
7
Let q = 65 - -84. Let b = -102 + q. What is the tens digit of b?
4
Suppose -3*a = -3*j - 0*j + 3, -11 = -4*a + j. Let d = 20 + a. What is the units digit of d/(-40) - (-36)/10?
3
What is the tens digit of 10556/(-65)*(-25)/10?
0
Suppose -a + 0*l = 2*l - 1034, -5*l = -5*a + 5215. Suppose 9*v - a = -v. What is the hundreds digit of v?
1
Suppose 34*l = 72*l - 19000. What is the units digit of l?
0
Let j